rt -3 (base 15) to base 4.
-3
What is -8 (base 16) in base 4?
-20
Convert -104 (base 8) to base 4.
-1010
What is 0 (base 2) in base 13?
0
1f (base 16) to base 10
31
Convert 4 (base 11) to base 10.
4
What is -6 (base 7) in base 2?
-110
Convert 1110 (base 4) to base 14.
60
6 (base 10) to base 8
6
Convert 38 (base 15) to base 16.
35
Convert 14 (base 10) to base 15.
e
Convert -4 (base 13) to base 6.
-4
What is -2a (base 15) in base 7?
-55
210 (base 8) to base 6
344
-4 (base 6) to base 12
-4
Convert -10212 (base 3) to base 8.
-150
What is -19 (base 15) in base 4?
-120
-3 (base 11) to base 15
-3
-4 (base 7) to base 12
-4
Convert -30 (base 4) to base 7.
-15
-4 (base 13) to base 16
-4
Convert 101 (base 6) to base 8.
45
1131 (base 4) to base 11
85
Convert -11 (base 2) to base 5.
-3
What is 22 (base 10) in base 9?
24
8 (base 16) to base 6
12
17b (base 12) to base 10
239
-68 (base 10) to base 12
-58
What is -4 (base 5) in base 8?
-4
Convert e (base 15) to base 2.
1110
Convert 195 (base 11) to base 16.
e1
Convert 7 (base 11) to base 6.
11
What is -114 (base 6) in base 12?
-3a
Convert 0 (base 12) to base 8.
0
What is -7 (base 8) in base 5?
-12
Convert -67 (base 9) to base 5.
-221
What is 4 (base 5) in base 11?
4
Convert 5 (base 12) to base 2.
101
What is 1131 (base 4) in base 9?
113
-241 (base 5) to base 7
-131
Convert -1 (base 11) to base 7.
-1
Convert -2 (base 3) to base 2.
-10
Convert -3 (base 5) to base 15.
-3
What is -39 (base 12) in base 16?
-2d
What is -1032 (base 4) in base 9?
-86
What is 6 (base 13) in base 7?
6
What is -1 (base 5) in base 3?
-1
4 (base 10) to base 2
100
Convert 11 (base 2) to base 11.
3
Convert -19 (base 10) to base 9.
-21
What is -10 (base 2) in base 14?
-2
What is -26 (base 10) in base 6?
-42
Convert -86 (base 10) to base 9.
-105
28 (base 11) to base 4
132
367 (base 8) to base 12
187
What is -1001001 (base 2) in base 11?
-67
Convert 17 (base 16) to base 6.
35
-1034 (base 5) to base 6
-400
1153 (base 6) to base 4
10131
Convert 0 (base 13) to base 16.
0
Convert 41 (base 5) to base 16.
15
What is -11 (base 2) in base 10?
-3
Convert 34 (base 6) to base 10.
22
2c (base 14) to base 3
1111
What is -30 (base 15) in base 6?
-113
Convert -2 (base 16) to base 5.
-2
Convert -41 (base 9) to base 3.
-1101
What is 21 (base 14) in base 6?
45
132 (base 10) to base 16
84
What is -3 (base 14) in base 15?
-3
What is 11000101 (base 2) in base 16?
c5
Convert 3 (base 12) to base 5.
3
-53 (base 12) to base 6
-143
-2 (base 12) to base 3
-2
-34 (base 5) to base 2
-10011
What is e (base 15) in base 5?
24
5 (base 7) to base 13
5
Convert -10 (base 14) to base 7.
-20
Convert -5a (base 13) to base 2.
-1001011
What is 0 (base 2) in base 11?
0
Convert 1221 (base 3) to base 13.
40
Convert 8 (base 11) to base 15.
8
Convert -200 (base 6) to base 2.
-1001000
-55 (base 9) to base 14
-38
What is -401 (base 6) in base 2?
-10010001
What is 48 (base 14) in base 4?
1000
Convert -312 (base 4) to base 10.
-54
What is 0 (base 2) in base 15?
0
-1b (base 12) to base 9
-25
39 (base 11) to base 3
1120
What is -415 (base 8) in base 7?
-533
Convert -21 (base 11) to base 8.
-27
Convert 3a (base 16) to base 12.
4a
What is -24 (base 12) in base 16?
-1c
Convert 1 (base 13) to base 7.
1
What is -101001 (base 2) in base 10?
-41
What is -1 (base 4) in base 2?
-1
What is -4 (base 11) in base 4?
-10
39 (base 10) to base 13
30
-103 (base 5) to base 8
-34
2111 (base 3) to base 5
232
-114 (base 13) to base 7
-354
What is 2 (base 5) in base 7?
2
Convert -1 (base 10) to base 2.
-1
-24 (base 11) to base 2
-11010
-111 (base 5) to base 3
-1011
Convert -53 (base 10) to base 5.
-203
2202 (base 3) to base 5
244
42 (base 5) to base 16
16
What is 20 (base 7) in base 4?
32
Convert 4 (base 12) to base 5.
4
110 (base 6) to base 7
60
What is 29 (base 11) in base 4?
133
What is -134 (base 8) in base 12?
-78
-19 (base 14) to base 4
-113
Convert -1103 (base 4) to base 12.
-6b
Convert -a2 (base 16) to base 5.
-1122
What is -13 (base 6) in base 5?
-14
48 (base 12) to base 10
56
-10011 (base 2) to base 6
-31
Convert 102 (base 3) to base 4.
23
-2 (base 10) to base 9
-2
-7 (base 10) to base 4
-13
-2 (base 5) to base 10
-2
What is 9 (base 10) in base 3?
100
What is 1 (base 8) in base 12?
1
What is 42 (base 12) in base 9?
55
Convert -ba (base 13) to base 16.
-99
What is 10 (base 5) in base 10?
5
2 (base 15) to base 13
2
Convert 14 (base 7) to base 16.
b
What is 2 (base 7) in base 13?
2
19 (base 13) to base 4
112
Convert 5 (base 12) to base 5.
10
Convert 101 (base 12) to base 3.
12101
What is 102 (base 4) in base 15?
13
What is -8 (base 14) in base 13?
-8
Convert 111 (base 2) to base 15.
7
-11 (base 3) to base 14
-4
Convert 1221 (base 5) to base 11.
15a
-79 (base 12) to base 9
-113
Convert -12 (base 6) to base 3.
-22
Convert d (base 16) to base 11.
12
-1111101 (base 2) to base 3
-11122
Convert -3 (base 13) to base 12.
-3
Convert 12 (base 5) to base 9.
7
Convert 8 (base 10) to base 15.
8
What is -2b (base 14) in base 13?
-30
Convert 2 (base 13) to base 4.
2
10 (base 10) to base 16
a
What is -28 (base 14) in base 10?
-36
What is 102 (base 3) in base 10?
11
Convert 7 (base 12) to base 7.
10
24 (base 14) to base 4
200
What is -101 (base 5) in base 2?
-11010
What is -1 (base 14) in base 12?
-1
Convert -31 (base 5) to base 14.
-12
Convert -a (base 13) to base 9.
-11
-10 (base 3) to base 15
-3
Convert -1 (base 11) to base 8.
-1
Convert 104 (base 7) to base 14.
3b
109 (base 11) to base 14
94
10 (base 13) to base 9
14
Convert 35 (base 12) to base 4.
221
Convert -1110 (base 6) to base 16.
-102
What is 6c (base 13) in base 11?
82
What is -4 (base 8) in base 15?
-4
Convert 3 (base 11) to base 4.
3
What is -204 (base 6) in base 4?
-1030
Convert 6 (base 8) to base 3.
20
46 (base 9) to base 12
36
What is 163 (base 11) in base 6?
514
0 (base 8) to base 13
0
Convert -113 (base 4) to base 6.
-35
Convert -103 (base 6) to base 5.
-124
Convert 111100 (base 2) to base 6.
140
Convert -1d (base 14) to base 5.
-102
15 (base 12) to base 5
32
What is -3 (base 13) in base 12?
-3
Convert 21 (base 8) to base 2.
10001
What is 103 (base 7) in base 14?
3a
13 (base 15) to base 6
30
-1 (base 11) to base 12
-1
What is -2 (base 8) in base 15?
-2
Convert 652 (base 7) to base 5.
2311
What is 205 (base 7) in base 16?
67
Convert 3 (base 7) to base 12.
3
Convert -2 (base 12) to base 14.
-2
What is -28 (base 14) in base 11?
-33
Convert -18 (base 12) to base 16.
-14
Convert 1012 (base 3) to base 2.
100000
-14 (base 14) to base 6
-30
What is 3 (base 8) in base 7?
3
-21 (base 16) to base 8
-41
Convert -22 (base 9) to base 5.
-40
8a (base 12) to base 5
411
What is -25 (base 9) in base 16?
-17
-1 (base 2) to base 13
-1
-207 (base 9) to base 12
-121
Convert 10101 (base 2) to base 9.
23
Convert -9 (base 16) to base 5.
-14
What is -55 (base 7) in base 4?
-220
What is -302 (base 4) in base 8?
-62
64 (base 7) to base 6
114
What is -213 (base 7) in base 12?
-90
What is 215 (base 7) in base 9?
132
What is 13 (base 11) in base 12?
12
14 (base 6) to base 2
1010
100001 (base 2) to base 6
53
What is 19 (base 13) in base 7?
31
-101100 (base 2) to base 3
-1122
3 (base 4) to base 8
3
Convert 22 (base 3) to base 10.
8
What is -34 (base 14) in base 6?
-114
Convert 4 (base 12) to base 2.
100
What is -3 (base 15) in base 7?
-3
Convert 2 (base 13) to base 4.
2
What is 15 (base 13) in base 2?
10010
What is -fe (base 16) in base 9?
-312
Convert 1 (base 13) to base 16.
1
12 (base 10) to base 9
13
What is 3 (base 10) in base 5?
3
Convert 402 (base 6) to base 3.
12102
Convert 111 (base 3) to base 4.
31
Convert -51 (base 12) to base 11.
-56
Convert 16 (base 15) to base 9.
23
21021 (base 3) to base 8
304
Convert 2 (base 11) to base 6.
2
What is 36 (base 11) in base 8?
47
9 (base 10) to base 5
14
Convert 4 (base 13) to base 4.
10
2 (base 16) to base 4
2
6 (base 13) to base 16
6
Convert -1 (base 8) to base 15.
-1
-1000001 (base 2) to base 7
-122
Convert -e (base 16) to base 11.
-13
b (base 15) to base 14
b
13 (base 14) to base 12
15
110 (base 9) to base 15
60
What is -26 (base 13) in base 9?
-35
What is 222 (base 4) in base 6?
110
What is 21a (base 11) in base 7?
524
32 (base 12) to base 9
42
-2 (base 7) to base 16
-2
Convert -107 (base 11) to base 16.
-80
Convert 1 (base 11) to base 